mon divisor of h and 8?
8
Let u = 20 + -47. Let h = 34 - u. Let m = 117 - h. What is the highest common factor of m and 7?
7
Let x(j) = j**2 + 3*j - 6. Let g be x(-5). Suppose p = -5*u + 275, 0*u - g*u + 2*p = -234. Calculate the greatest common factor of 8 and u.
8
Let t = -96 + 147. Let y(w) = -21*w - 3. Let m be y(-4). Suppose 3*r - m - 21 = 0. Calculate the highest common divisor of r and t.
17
Let c be 1388/9 - (-8)/(-36). Calculate the greatest common factor of c and 14.
14
Let y be -3 - 4 - -4 - -10. Calculate the highest common divisor of y and 14.
7
Let z(y) = 4*y**2 + 3*y - 20. Let k be z(4). What is the greatest common factor of 8 and k?
8
Suppose h + 110 = -80. Let y be h/(-6) + (-2)/(-6). Calculate the highest common divisor of y and 48.
16
Let n be (110/33)/(1/3). Calculate the highest common divisor of 170 and n.
10
Let c = -14 - -14. Suppose a - b - 7 = 0, 2*a - 4*a - 14 = 5*b. Let f be (c + a/3)*49. Calculate the highest common divisor of f and 7.
7
Let h = -91 + 103. Calculate the greatest common factor of h and 3.
3
Let o(h) = h + 9. Let z(j) = j + 1. Let l(u) = -o(u) + 6*z(u). Let b be l(6). Suppose -4*m + 12 = -0. What is the greatest common divisor of m and b?
3
Suppose -30 = -4*y - y. Let h = 169 + -163. Calculate the highest common factor of y and h.
6
Suppose -5*s = -219 + 39. Let g(o) = o**2 - 2*o - 7. Let h be g(5). Let k = h + 4. What is the greatest common divisor of s and k?
12
Suppose -s = 4*s - 10. Let h = 7 - s. Suppose -b + 5 = -h*x + 4*b, 14 = 2*x + 2*b. What is the greatest common divisor of x and 1?
1
Suppose -3*i = 3*k - 2*i - 753, -5*k + 2*i + 1266 = 0. What is the highest common factor of k and 21?
21
Suppose 137 = 10*s - 133. What is the highest common divisor of 81 and s?
27
Let o(s) = 2*s**2 + 9*s. Let w be o(-6). Suppose 5*t + 8 = 33. Suppose -3*x + 50 = -n + 1, t = n. What is the highest common factor of w and x?
18
Let i(x) = 30*x**2 + 5*x - 5. Let p be i(4). Calculate the greatest common divisor of 45 and p.
45
Suppose 0 = 4*j - 16 - 4. Calculate the greatest common divisor of j and 1.
1
Suppose -15 = -2*z - 5. Suppose 0*k = z*k - 315. Calculate the highest common divisor of k and 9.
9
Let u = -59 + 19. Let f = u + 74. Let v be 8/36 - f/(-9). What is the highest common factor of v and 6?
2
Let c(i) = -6*i - 24. Let v be c(-7). Let n(w) = 10*w**2 - w - 2. Let t be n(2). What is the greatest common divisor of v and t?
18
Let x be ((-27)/12)/((-3)/(-8)). Let c be (-3)/x + 153/2. Let o be 108/16 + 1/4. What is the highest common factor of o and c?
7
Suppose -2*n + 33 = -9. Let h(g) = -2*g + 1. Let l be h(-5). Let i = n - l. Calculate the highest common factor of i and 10.
10
Let j = -1 + 3. Suppose 0 = 3*m - 3*d, j*m = m - 2*d + 12. Suppose -4 = -5*a + a. Calculate the greatest common factor of a and m.
1
Let s(l) = l**3 + 7*l**2 + 5*l + 8. Let h be s(-4). Calculate the highest common divisor of h and 48.
12
Let b(y) = 14*y - 1. Let a be b(4). What is the highest common divisor of a and 22?
11
Suppose -y + 21 = -12. Suppose -2*p + y = -19. Calculate the highest common factor of p and 65.
13
Let l(s) = s**3 - 3*s**2 - 3*s + 4. Let a be l(4). Let y be ((-183)/3)/(-1) + 3. What is the highest common factor of y and a?
8
Let t = -12 + 33. What is the greatest common divisor of 84 and t?
21
Let o(h) = -h**3 - 17*h**2 - 15*h + 21. Let x be o(-16). What is the greatest common divisor of 40 and x?
5
Let d = -2 + 6. Let v be -1 + (0 - -2 - 1). Let p(z) = z + 6. Let g be p(v). What is the highest common factor of g and d?
2
Suppose -450 = -3*s + 4*f, 3*f + 875 = 4*s + 268. What is the highest common divisor of s and 14?
14
Let l(k) = -3*k - 2. Let i be (4 + -6)*(-3)/(-2). Let a be l(i). What is the greatest common factor of a and 7?
7
Let p be 21 + -3 - (3 + -1). Let r = 31 - p. Calculate the greatest common divisor of r and 30.
15
Let a(h) = 2*h + 3. Let v be a(-3). Let z be 6/v + -2 + 4. Suppose 0*i - i + 1 = z. What is the highest common divisor of i and 11?
1
Let f = 155 - 59. What is the highest common factor of 12 and f?
12
Let v(w) = 4*w + 6. Let n be v(4). Let p = 207 + -141. What is the greatest common divisor of n and p?
22
Let i(w) = w**3 + 4*w**2 - 3*w + 4. Let n be i(-5). Let g be (-1 - n)/(1 + 0). Calculate the greatest common divisor of g and 35.
5
Let v be 3/(-1) - (-52 + -1). Calculate the greatest common factor of v and 20.
10
Let j(k) = 4*k**2 + 3*k + 1. Let f be (5 + -1)*(-2 + 4). Suppose 0 = 2*t + f - 2. Let h be j(t). What is the highest common factor of h and 7?
7
Let c(l) = l**3 + 7*l**2 + 6. Let b be c(-4). Suppose 4*q + 32 = 4*r - 16, -4*r - 64 = 4*q. Let k = 50 + q. What is the greatest common divisor of k and b?
18
Let q = -11 + 7. Let a be -4 + (-2 - q) - -2. Suppose -5*n = -2*j + 32, a*j = -j + 5*n + 16. Calculate the greatest common factor of 48 and j.
16
Let p be (5*21 - 0)*1. What is the greatest common divisor of p and 42?
21
Let b be 4/2*(-55)/11. Let n = 11 + b. What is the highest common divisor of n and 7?
1
Let k = -4 + 17. Let m = 3 + k. Suppose -p = -m - 0. What is the greatest common divisor of p and 16?
16
Let h = 13 - 7. What is the highest common factor of h and 6?
6
Let h be (5/((-15)/168))/(1 + -2). What is the highest common divisor of h and 21?
7
Suppose 3*b - 5 = -5*h + 2*b, -3*b + 15 = -3*h. Suppose h = 16*o - 11*o - 55. Calculate the greatest common divisor of o and 44.
11
Let y = 98 + -92. What is the greatest common divisor of y and 6?
6
Let f(r) = 3*r**3 - 2*r**2 + 2*r + 2. Let o be f(2). Calculate the greatest common factor of 33 and o.
11
Let x = -6 - -8. Suppose k + 2*k = -9, -2*k = -x*c + 14. What is the highest common divisor of 4 and c?
4
Suppose -5*i + 3*w = -2*i - 30, -30 = -3*i - 4*w. Suppose 3*v = i + 17. Calculate the greatest common divisor of 63 and v.
9
Suppose 18 = 3*k + 4*w, 5*k - 5*w + 6 - 1 = 0. Let i(l) = -6 + 2 - 8 + k*l**2 + 9*l + 4. Let u be i(-7). Calculate the highest common factor of u and 18.
9
Let v = -22 + 32. Calculate the greatest common divisor of v and 80.
10
Suppose 0 = 4*v - v - 2*i - 13, -4*v + 4*i + 16 = 0. What is the highest common divisor of 35 and v?
5
Let b(k) = 2*k**3 - 4*k**2 + 3*k - 2. Suppose 0 = p + l - 2, 3*p + 5 = 3*l + 11. Let x be b(p). What is the greatest common divisor of x and 2?
2
Let d(u) = u**2 + 4. Let m be d(2). What is the highest common divisor of 4 and m?
4
Suppose 36 + 16 = 3*k - 4*s, 0 = -k - 5*s + 11. Calculate the greatest common factor of 24 and k.
8
Let l = 356 - 106. Calculate the greatest common factor of l and 10.
10
Let j(s) = s**2 - 11*s - 10. Let x be j(12). Suppose -x*z + 29 = -c, -2*z = 3*c - 6*c - 23. What is the greatest common factor of 2 and z?
2
Suppose 22 = 5*s + 3*d, -4*s - d = 2 - 14. Suppose 0 = -s*y - 2*y + 612. What is the greatest common factor of y and 17?
17
Let y = 9 - 5. Let n be (-2)/(y/(-23 - 1)). Suppose 5*b + 2*z - 4*z - 180 = 0, 0 = 5*b + 4*z - 180. Calculate the greatest common divisor of n and b.
12
Suppose -2*u = 3*l - 84, -13*l - 84 = -16*l - u. Suppose -2*a = -a - 70. Calculate the highest common factor of a and l.
14
Let l be (12/15)/((-2)/(-10)). Let z(f) = f**3 - 3*f**2 + 4*f + 8. Let c be z(0). Calculate the greatest common factor of c and l.
4
Let c(n) = 2*n**2 - n + 4. Let k be c(-3). What is the greatest common divisor of 50 and k?
25
Let b be 30 + -1 + -2 + -3. What is the highest common divisor of 8 and b?
8
Let t(v) = v**2 - 4*v. Let n be t(5). Suppose -3*q = -2*q + a - 11, n*q - 3*a - 47 = 0. What is the highest common factor of 70 and q?
10
Let c be (-22)/((-4)/(-16)*-2). Calculate the greatest common divisor of 11 and c.
11
Let l(a) = -16*a + 62. Let p be l(-14). What is the greatest common divisor of 22 and p?
22
Suppose -3*u - i - 181 = 0, u + i + 301 = -4*u. Let s = -20 - u. What is the greatest common divisor of s and 4?
4
Let p = 8 + 2. Calculate the highest common divisor of 70 and p.
10
Suppose -3 = -4*i + 1. Let a be (0 - -3) + (i - -7). What is the greatest common divisor of a and 11?
11
Let l = -94 + 158. What is the highest common divisor of 48 and l?
16
Let l be 108 + -6 + -1 + 3. Calculate the highest common factor of 16 and l.
8
Let m(s) = 2*s**3 + 18*s**2 - 3*s - 16. Let i be m(-9). Calculate the highest common factor of i a